{"id":7865,"date":"2024-10-28T19:12:57","date_gmt":"2024-10-28T19:12:57","guid":{"rendered":"https:\/\/www.fabricair.com\/dk\/?page_id=7865"},"modified":"2026-01-21T07:33:25","modified_gmt":"2026-01-21T07:33:25","slug":"chillventa-2024-nurnberg","status":"publish","type":"page","link":"https:\/\/www.fabricair.com\/dk\/galleri\/arrangementer-galleri\/chillventa-2024-nurnberg\/","title":{"rendered":"Chillventa 2024, N\u00fcrnberg"},"content":{"rendered":"","protected":false},"excerpt":{"rendered":"","protected":false},"author":28,"featured_media":7866,"parent":2916,"menu_order":0,"comment_status":"closed","ping_status":"closed","template":"page-gallery.php","meta":{"_acf_changed":false,"inline_featured_image":false,"footnotes":""},"class_list":["post-7865","page","type-page","status-publish","has-post-thumbnail","hentry"],"acf":[],"yoast_head":"<!-- This site is optimized with the Yoast SEO plugin v27.5 - https:\/\/yoast.com\/product\/yoast-seo-wordpress\/ -->\n<title>Chillventa 2024, N\u00fcrnberg | Denmark FabricAir<\/title>\n<meta name=\"description\" content=\"Se billederne fra Chillventa 2024 i N\u00fcrnberg, hvor FabricAirs eksperter pr\u00e6senterede vores innovative luftfordelingsl\u00f8sninger.\" \/>\n<meta name=\"robots\" content=\"noindex, follow\" \/>\n<meta property=\"og:locale\" content=\"en_US\" \/>\n<meta property=\"og:type\" content=\"article\" \/>\n<meta property=\"og:title\" content=\"Chillventa 2024, N\u00fcrnberg - Denmark FabricAir\" \/>\n<meta property=\"og:description\" content=\"Se billederne fra Chillventa 2024 i N\u00fcrnberg, hvor FabricAirs eksperter pr\u00e6senterede vores innovative luftfordelingsl\u00f8sninger.\" \/>\n<meta property=\"og:url\" content=\"https:\/\/www.fabricair.com\/dk\/galleri\/arrangementer-galleri\/chillventa-2024-nurnberg\/\" \/>\n<meta property=\"og:site_name\" content=\"Denmark FabricAir\" \/>\n<meta property=\"article:publisher\" content=\"https:\/\/www.facebook.com\/FabricAir\" \/>\n<meta property=\"article:modified_time\" content=\"2026-01-21T07:33:25+00:00\" \/>\n<meta property=\"og:image\" content=\"https:\/\/www.fabricair.com\/dk\/wp-content\/uploads\/sites\/19\/2024\/10\/Chillventa-2024-1.jpg\" \/>\n\t<meta property=\"og:image:width\" content=\"800\" \/>\n\t<meta property=\"og:image:height\" content=\"600\" \/>\n\t<meta property=\"og:image:type\" content=\"image\/jpeg\" \/>\n<meta name=\"twitter:card\" content=\"summary_large_image\" \/>\n<meta name=\"twitter:site\" content=\"@FabricAir\" \/>\n<meta name=\"twitter:label1\" content=\"Est. reading time\" \/>\n\t<meta name=\"twitter:data1\" content=\"1 minute\" \/>\n<script type=\"application\/ld+json\" class=\"yoast-schema-graph\">{\"@context\":\"https:\\\/\\\/schema.org\",\"@graph\":[{\"@type\":\"WebPage\",\"@id\":\"https:\\\/\\\/www.fabricair.com\\\/dk\\\/galleri\\\/arrangementer-galleri\\\/chillventa-2024-nurnberg\\\/\",\"url\":\"https:\\\/\\\/www.fabricair.com\\\/dk\\\/galleri\\\/arrangementer-galleri\\\/chillventa-2024-nurnberg\\\/\",\"name\":\"Chillventa 2024, N\u00fcrnberg - Denmark FabricAir\",\"isPartOf\":{\"@id\":\"https:\\\/\\\/www.fabricair.com\\\/dk\\\/#website\"},\"primaryImageOfPage\":{\"@id\":\"https:\\\/\\\/www.fabricair.com\\\/dk\\\/galleri\\\/arrangementer-galleri\\\/chillventa-2024-nurnberg\\\/#primaryimage\"},\"image\":{\"@id\":\"https:\\\/\\\/www.fabricair.com\\\/dk\\\/galleri\\\/arrangementer-galleri\\\/chillventa-2024-nurnberg\\\/#primaryimage\"},\"thumbnailUrl\":\"https:\\\/\\\/www.fabricair.com\\\/dk\\\/wp-content\\\/uploads\\\/sites\\\/19\\\/2024\\\/10\\\/Chillventa-2024-1.jpg\",\"datePublished\":\"2024-10-28T19:12:57+00:00\",\"dateModified\":\"2026-01-21T07:33:25+00:00\",\"description\":\"Se billederne fra Chillventa 2024 i N\u00fcrnberg, hvor FabricAirs eksperter pr\u00e6senterede vores innovative luftfordelingsl\u00f8sninger.\",\"breadcrumb\":{\"@id\":\"https:\\\/\\\/www.fabricair.com\\\/dk\\\/galleri\\\/arrangementer-galleri\\\/chillventa-2024-nurnberg\\\/#breadcrumb\"},\"inLanguage\":\"da\",\"potentialAction\":[{\"@type\":\"ReadAction\",\"target\":[\"https:\\\/\\\/www.fabricair.com\\\/dk\\\/galleri\\\/arrangementer-galleri\\\/chillventa-2024-nurnberg\\\/\"]}]},{\"@type\":\"ImageObject\",\"inLanguage\":\"da\",\"@id\":\"https:\\\/\\\/www.fabricair.com\\\/dk\\\/galleri\\\/arrangementer-galleri\\\/chillventa-2024-nurnberg\\\/#primaryimage\",\"url\":\"https:\\\/\\\/www.fabricair.com\\\/dk\\\/wp-content\\\/uploads\\\/sites\\\/19\\\/2024\\\/10\\\/Chillventa-2024-1.jpg\",\"contentUrl\":\"https:\\\/\\\/www.fabricair.com\\\/dk\\\/wp-content\\\/uploads\\\/sites\\\/19\\\/2024\\\/10\\\/Chillventa-2024-1.jpg\",\"width\":800,\"height\":600},{\"@type\":\"BreadcrumbList\",\"@id\":\"https:\\\/\\\/www.fabricair.com\\\/dk\\\/galleri\\\/arrangementer-galleri\\\/chillventa-2024-nurnberg\\\/#breadcrumb\",\"itemListElement\":[{\"@type\":\"ListItem\",\"position\":1,\"name\":\"Home\",\"item\":\"https:\\\/\\\/www.fabricair.com\\\/dk\\\/\"},{\"@type\":\"ListItem\",\"position\":2,\"name\":\"Galleri\",\"item\":\"https:\\\/\\\/www.fabricair.com\\\/dk\\\/galleri\\\/\"},{\"@type\":\"ListItem\",\"position\":3,\"name\":\"Arrangementer\",\"item\":\"https:\\\/\\\/www.fabricair.com\\\/dk\\\/galleri\\\/arrangementer-galleri\\\/\"},{\"@type\":\"ListItem\",\"position\":4,\"name\":\"Chillventa 2024, N\u00fcrnberg\"}]}]}<\/script>\n<!-- \/ Yoast SEO plugin. -->","yoast_head_json":{"title":"Chillventa 2024, N\u00fcrnberg | Denmark FabricAir","description":"Se billederne fra Chillventa 2024 i N\u00fcrnberg, hvor FabricAirs eksperter pr\u00e6senterede vores innovative luftfordelingsl\u00f8sninger.","robots":{"index":"noindex","follow":"follow"},"og_locale":"en_US","og_type":"article","og_title":"Chillventa 2024, N\u00fcrnberg - Denmark FabricAir","og_description":"Se billederne fra Chillventa 2024 i N\u00fcrnberg, hvor FabricAirs eksperter pr\u00e6senterede vores innovative luftfordelingsl\u00f8sninger.","og_url":"https:\/\/www.fabricair.com\/dk\/galleri\/arrangementer-galleri\/chillventa-2024-nurnberg\/","og_site_name":"Denmark FabricAir","article_publisher":"https:\/\/www.facebook.com\/FabricAir","article_modified_time":"2026-01-21T07:33:25+00:00","og_image":[{"width":800,"height":600,"url":"https:\/\/www.fabricair.com\/dk\/wp-content\/uploads\/sites\/19\/2024\/10\/Chillventa-2024-1.jpg","type":"image\/jpeg"}],"twitter_card":"summary_large_image","twitter_site":"@FabricAir","twitter_misc":{"Est. reading time":"1 minute"},"schema":{"@context":"https:\/\/schema.org","@graph":[{"@type":"WebPage","@id":"https:\/\/www.fabricair.com\/dk\/galleri\/arrangementer-galleri\/chillventa-2024-nurnberg\/","url":"https:\/\/www.fabricair.com\/dk\/galleri\/arrangementer-galleri\/chillventa-2024-nurnberg\/","name":"Chillventa 2024, N\u00fcrnberg - Denmark FabricAir","isPartOf":{"@id":"https:\/\/www.fabricair.com\/dk\/#website"},"primaryImageOfPage":{"@id":"https:\/\/www.fabricair.com\/dk\/galleri\/arrangementer-galleri\/chillventa-2024-nurnberg\/#primaryimage"},"image":{"@id":"https:\/\/www.fabricair.com\/dk\/galleri\/arrangementer-galleri\/chillventa-2024-nurnberg\/#primaryimage"},"thumbnailUrl":"https:\/\/www.fabricair.com\/dk\/wp-content\/uploads\/sites\/19\/2024\/10\/Chillventa-2024-1.jpg","datePublished":"2024-10-28T19:12:57+00:00","dateModified":"2026-01-21T07:33:25+00:00","description":"Se billederne fra Chillventa 2024 i N\u00fcrnberg, hvor FabricAirs eksperter pr\u00e6senterede vores innovative luftfordelingsl\u00f8sninger.","breadcrumb":{"@id":"https:\/\/www.fabricair.com\/dk\/galleri\/arrangementer-galleri\/chillventa-2024-nurnberg\/#breadcrumb"},"inLanguage":"da","potentialAction":[{"@type":"ReadAction","target":["https:\/\/www.fabricair.com\/dk\/galleri\/arrangementer-galleri\/chillventa-2024-nurnberg\/"]}]},{"@type":"ImageObject","inLanguage":"da","@id":"https:\/\/www.fabricair.com\/dk\/galleri\/arrangementer-galleri\/chillventa-2024-nurnberg\/#primaryimage","url":"https:\/\/www.fabricair.com\/dk\/wp-content\/uploads\/sites\/19\/2024\/10\/Chillventa-2024-1.jpg","contentUrl":"https:\/\/www.fabricair.com\/dk\/wp-content\/uploads\/sites\/19\/2024\/10\/Chillventa-2024-1.jpg","width":800,"height":600},{"@type":"BreadcrumbList","@id":"https:\/\/www.fabricair.com\/dk\/galleri\/arrangementer-galleri\/chillventa-2024-nurnberg\/#breadcrumb","itemListElement":[{"@type":"ListItem","position":1,"name":"Home","item":"https:\/\/www.fabricair.com\/dk\/"},{"@type":"ListItem","position":2,"name":"Galleri","item":"https:\/\/www.fabricair.com\/dk\/galleri\/"},{"@type":"ListItem","position":3,"name":"Arrangementer","item":"https:\/\/www.fabricair.com\/dk\/galleri\/arrangementer-galleri\/"},{"@type":"ListItem","position":4,"name":"Chillventa 2024, N\u00fcrnberg"}]}]}},"_links":{"self":[{"href":"https:\/\/www.fabricair.com\/dk\/wp-json\/wp\/v2\/pages\/7865","targetHints":{"allow":["GET"]}}],"collection":[{"href":"https:\/\/www.fabricair.com\/dk\/wp-json\/wp\/v2\/pages"}],"about":[{"href":"https:\/\/www.fabricair.com\/dk\/wp-json\/wp\/v2\/types\/page"}],"author":[{"embeddable":true,"href":"https:\/\/www.fabricair.com\/dk\/wp-json\/wp\/v2\/users\/28"}],"replies":[{"embeddable":true,"href":"https:\/\/www.fabricair.com\/dk\/wp-json\/wp\/v2\/comments?post=7865"}],"version-history":[{"count":1,"href":"https:\/\/www.fabricair.com\/dk\/wp-json\/wp\/v2\/pages\/7865\/revisions"}],"predecessor-version":[{"id":7871,"href":"https:\/\/www.fabricair.com\/dk\/wp-json\/wp\/v2\/pages\/7865\/revisions\/7871"}],"up":[{"embeddable":true,"href":"https:\/\/www.fabricair.com\/dk\/wp-json\/wp\/v2\/pages\/2916"}],"wp:featuredmedia":[{"embeddable":true,"href":"https:\/\/www.fabricair.com\/dk\/wp-json\/wp\/v2\/media\/7866"}],"wp:attachment":[{"href":"https:\/\/www.fabricair.com\/dk\/wp-json\/wp\/v2\/media?parent=7865"}],"curies":[{"name":"wp","href":"https:\/\/api.w.org\/{rel}","templated":true}]}}

Chillventa 2024, Nürnberg

<!-- This site is optimized with the Yoast SEO plugin v27.5 - https://yoast.com/product/yoast-seo-wordpress/ -->
<title>Chillventa 2024, Nürnberg | Denmark FabricAir</title>
<meta name="description" content="Se billederne fra Chillventa 2024 i Nürnberg, hvor FabricAirs eksperter præsenterede vores innovative luftfordelingsløsninger." />
<meta name="robots" content="noindex, follow" />
<meta property="og:locale" content="en_US" />
<meta property="og:type" content="article" />
<meta property="og:title" content="Chillventa 2024, Nürnberg - Denmark FabricAir" />
<meta property="og:description" content="Se billederne fra Chillventa 2024 i Nürnberg, hvor FabricAirs eksperter præsenterede vores innovative luftfordelingsløsninger." />
<meta property="og:url" content="https://www.fabricair.com/dk/galleri/arrangementer-galleri/chillventa-2024-nurnberg/" />
<meta property="og:site_name" content="Denmark FabricAir" />
<meta property="article:publisher" content="https://www.facebook.com/FabricAir" />
<meta property="article:modified_time" content="2026-01-21T07:33:25+00:00" />
<meta property="og:image" content="https://www.fabricair.com/dk/wp-content/uploads/sites/19/2024/10/Chillventa-2024-1.jpg" />
	<meta property="og:image:width" content="800" />
	<meta property="og:image:height" content="600" />
	<meta property="og:image:type" content="image/jpeg" />
<meta name="twitter:card" content="summary_large_image" />
<meta name="twitter:site" content="@FabricAir" />
<meta name="twitter:label1" content="Est. reading time" />
	<meta name="twitter:data1" content="1 minute" />
<script type="application/ld+json" class="yoast-schema-graph">{"@context":"https:\/\/schema.org","@graph":[{"@type":"WebPage","@id":"https:\/\/www.fabricair.com\/dk\/galleri\/arrangementer-galleri\/chillventa-2024-nurnberg\/","url":"https:\/\/www.fabricair.com\/dk\/galleri\/arrangementer-galleri\/chillventa-2024-nurnberg\/","name":"Chillventa 2024, Nürnberg - Denmark FabricAir","isPartOf":{"@id":"https:\/\/www.fabricair.com\/dk\/#website"},"primaryImageOfPage":{"@id":"https:\/\/www.fabricair.com\/dk\/galleri\/arrangementer-galleri\/chillventa-2024-nurnberg\/#primaryimage"},"image":{"@id":"https:\/\/www.fabricair.com\/dk\/galleri\/arrangementer-galleri\/chillventa-2024-nurnberg\/#primaryimage"},"thumbnailUrl":"https:\/\/www.fabricair.com\/dk\/wp-content\/uploads\/sites\/19\/2024\/10\/Chillventa-2024-1.jpg","datePublished":"2024-10-28T19:12:57+00:00","dateModified":"2026-01-21T07:33:25+00:00","description":"Se billederne fra Chillventa 2024 i Nürnberg, hvor FabricAirs eksperter præsenterede vores innovative luftfordelingsløsninger.","breadcrumb":{"@id":"https:\/\/www.fabricair.com\/dk\/galleri\/arrangementer-galleri\/chillventa-2024-nurnberg\/#breadcrumb"},"inLanguage":"da","potentialAction":[{"@type":"ReadAction","target":["https:\/\/www.fabricair.com\/dk\/galleri\/arrangementer-galleri\/chillventa-2024-nurnberg\/"]}]},{"@type":"ImageObject","inLanguage":"da","@id":"https:\/\/www.fabricair.com\/dk\/galleri\/arrangementer-galleri\/chillventa-2024-nurnberg\/#primaryimage","url":"https:\/\/www.fabricair.com\/dk\/wp-content\/uploads\/sites\/19\/2024\/10\/Chillventa-2024-1.jpg","contentUrl":"https:\/\/www.fabricair.com\/dk\/wp-content\/uploads\/sites\/19\/2024\/10\/Chillventa-2024-1.jpg","width":800,"height":600},{"@type":"BreadcrumbList","@id":"https:\/\/www.fabricair.com\/dk\/galleri\/arrangementer-galleri\/chillventa-2024-nurnberg\/#breadcrumb","itemListElement":[{"@type":"ListItem","position":1,"name":"Home","item":"https:\/\/www.fabricair.com\/dk\/"},{"@type":"ListItem","position":2,"name":"Galleri","item":"https:\/\/www.fabricair.com\/dk\/galleri\/"},{"@type":"ListItem","position":3,"name":"Arrangementer","item":"https:\/\/www.fabricair.com\/dk\/galleri\/arrangementer-galleri\/"},{"@type":"ListItem","position":4,"name":"Chillventa 2024, Nürnberg"}]}]}</script>
<!-- / Yoast SEO plugin. -->

Chillventa 2024, Nürnberg | Denmark FabricAir

Se billederne fra Chillventa 2024 i Nürnberg, hvor FabricAirs eksperter præsenterede vores innovative luftfordelingsløsninger.

Chillventa 2024, Nürnberg - Denmark FabricAir
