{"id":8326,"date":"2024-10-29T08:51:00","date_gmt":"2024-10-29T08:51:00","guid":{"rendered":"https:\/\/www.fabricair.com\/dk\/?page_id=8326"},"modified":"2026-01-06T11:42:25","modified_gmt":"2026-01-06T11:42:25","slug":"ventilationskanaler","status":"publish","type":"page","link":"https:\/\/www.fabricair.com\/dk\/ventilationskanaler\/","title":{"rendered":"Ventilationskanaler \u2013 fleksible og energieffektive l\u00f8sninger i tekstil"},"content":{"rendered":"","protected":false},"excerpt":{"rendered":"","protected":false},"author":3,"featured_media":8239,"parent":0,"menu_order":0,"comment_status":"closed","ping_status":"closed","template":"","meta":{"_acf_changed":false,"inline_featured_image":false,"footnotes":""},"class_list":["post-8326","page","type-page","status-publish","has-post-thumbnail","hentry"],"acf":[],"yoast_head":"<!-- This site is optimized with the Yoast SEO plugin v27.4 - https:\/\/yoast.com\/product\/yoast-seo-wordpress\/ -->\n<title>Ventilationskanaler \u2013 fleksible og energieffektive l\u00f8sninger i tekstil | Denmark FabricAir<\/title>\n<meta name=\"description\" content=\"F\u00e5 eksperttips til tekstilkanaler og ventilationsl\u00f8sninger \u2014 l\u00e6s vores seneste indl\u00e6g og bliv klogere p\u00e5 effektiv luftfordeling.\" \/>\n<meta name=\"robots\" content=\"index, follow, max-snippet:-1, max-image-preview:large, max-video-preview:-1\" \/>\n<link rel=\"canonical\" href=\"https:\/\/www.fabricair.com\/dk\/wp-json\/wp\/v2\/pages\/8326\/\" \/>\n<meta property=\"og:locale\" content=\"en_US\" \/>\n<meta property=\"og:type\" content=\"article\" \/>\n<meta property=\"og:title\" content=\"Ventilationskanaler \u2013 fleksible og energieffektive l\u00f8sninger i tekstil - Denmark FabricAir\" \/>\n<meta property=\"og:description\" content=\"F\u00e5 eksperttips til tekstilkanaler og ventilationsl\u00f8sninger \u2014 l\u00e6s vores seneste indl\u00e6g og bliv klogere p\u00e5 effektiv luftfordeling.\" \/>\n<meta property=\"og:url\" content=\"https:\/\/www.fabricair.com\/dk\/ventilationskanaler\/\" \/>\n<meta property=\"og:site_name\" content=\"Denmark FabricAir\" \/>\n<meta property=\"article:publisher\" content=\"https:\/\/www.facebook.com\/FabricAir\" \/>\n<meta property=\"article:modified_time\" content=\"2026-01-06T11:42:25+00:00\" \/>\n<meta property=\"og:image\" content=\"https:\/\/www.fabricair.com\/dk\/wp-content\/uploads\/sites\/19\/2025\/09\/340_-_Faustina_de_Valladolid_SwimmingPool2C_SpainDSC04082.jpg\" \/>\n\t<meta property=\"og:image:width\" content=\"1920\" \/>\n\t<meta property=\"og:image:height\" content=\"1280\" \/>\n\t<meta property=\"og:image:type\" content=\"image\/jpeg\" \/>\n<meta name=\"twitter:card\" content=\"summary_large_image\" \/>\n<meta name=\"twitter:site\" content=\"@FabricAir\" \/>\n<meta name=\"twitter:label1\" content=\"Est. reading time\" \/>\n\t<meta name=\"twitter:data1\" content=\"1 minute\" \/>\n<script type=\"application\/ld+json\" class=\"yoast-schema-graph\">{\"@context\":\"https:\\\/\\\/schema.org\",\"@graph\":[{\"@type\":\"WebPage\",\"@id\":\"https:\\\/\\\/www.fabricair.com\\\/dk\\\/ventilationskanaler\\\/\",\"url\":\"https:\\\/\\\/www.fabricair.com\\\/dk\\\/ventilationskanaler\\\/\",\"name\":\"Ventilationskanaler \u2013 fleksible og energieffektive l\u00f8sninger i tekstil - Denmark FabricAir\",\"isPartOf\":{\"@id\":\"https:\\\/\\\/www.fabricair.com\\\/dk\\\/#website\"},\"primaryImageOfPage\":{\"@id\":\"https:\\\/\\\/www.fabricair.com\\\/dk\\\/ventilationskanaler\\\/#primaryimage\"},\"image\":{\"@id\":\"https:\\\/\\\/www.fabricair.com\\\/dk\\\/ventilationskanaler\\\/#primaryimage\"},\"thumbnailUrl\":\"https:\\\/\\\/www.fabricair.com\\\/dk\\\/wp-content\\\/uploads\\\/sites\\\/19\\\/2025\\\/09\\\/340_-_Faustina_de_Valladolid_SwimmingPool2C_SpainDSC04082.jpg\",\"datePublished\":\"2024-10-29T08:51:00+00:00\",\"dateModified\":\"2026-01-06T11:42:25+00:00\",\"description\":\"F\u00e5 eksperttips til tekstilkanaler og ventilationsl\u00f8sninger \u2014 l\u00e6s vores seneste indl\u00e6g og bliv klogere p\u00e5 effektiv luftfordeling.\",\"breadcrumb\":{\"@id\":\"https:\\\/\\\/www.fabricair.com\\\/dk\\\/ventilationskanaler\\\/#breadcrumb\"},\"inLanguage\":\"da\",\"potentialAction\":[{\"@type\":\"ReadAction\",\"target\":[\"https:\\\/\\\/www.fabricair.com\\\/dk\\\/ventilationskanaler\\\/\"]}]},{\"@type\":\"ImageObject\",\"inLanguage\":\"da\",\"@id\":\"https:\\\/\\\/www.fabricair.com\\\/dk\\\/ventilationskanaler\\\/#primaryimage\",\"url\":\"https:\\\/\\\/www.fabricair.com\\\/dk\\\/wp-content\\\/uploads\\\/sites\\\/19\\\/2025\\\/09\\\/340_-_Faustina_de_Valladolid_SwimmingPool2C_SpainDSC04082.jpg\",\"contentUrl\":\"https:\\\/\\\/www.fabricair.com\\\/dk\\\/wp-content\\\/uploads\\\/sites\\\/19\\\/2025\\\/09\\\/340_-_Faustina_de_Valladolid_SwimmingPool2C_SpainDSC04082.jpg\",\"width\":1920,\"height\":1280,\"caption\":\"R\u00f8de kanaler i svv\u00f8mmehal\"},{\"@type\":\"BreadcrumbList\",\"@id\":\"https:\\\/\\\/www.fabricair.com\\\/dk\\\/ventilationskanaler\\\/#breadcrumb\",\"itemListElement\":[{\"@type\":\"ListItem\",\"position\":1,\"name\":\"Home\",\"item\":\"https:\\\/\\\/www.fabricair.com\\\/dk\\\/\"},{\"@type\":\"ListItem\",\"position\":2,\"name\":\"Ventilationskanaler \u2013 fleksible og energieffektive l\u00f8sninger i tekstil\"}]}]}<\/script>\n<!-- \/ Yoast SEO plugin. -->","yoast_head_json":{"title":"Ventilationskanaler \u2013 fleksible og energieffektive l\u00f8sninger i tekstil | Denmark FabricAir","description":"F\u00e5 eksperttips til tekstilkanaler og ventilationsl\u00f8sninger \u2014 l\u00e6s vores seneste indl\u00e6g og bliv klogere p\u00e5 effektiv luftfordeling.","robots":{"index":"index","follow":"follow","max-snippet":"max-snippet:-1","max-image-preview":"max-image-preview:large","max-video-preview":"max-video-preview:-1"},"canonical":"https:\/\/www.fabricair.com\/dk\/wp-json\/wp\/v2\/pages\/8326\/","og_locale":"en_US","og_type":"article","og_title":"Ventilationskanaler \u2013 fleksible og energieffektive l\u00f8sninger i tekstil - Denmark FabricAir","og_description":"F\u00e5 eksperttips til tekstilkanaler og ventilationsl\u00f8sninger \u2014 l\u00e6s vores seneste indl\u00e6g og bliv klogere p\u00e5 effektiv luftfordeling.","og_url":"https:\/\/www.fabricair.com\/dk\/ventilationskanaler\/","og_site_name":"Denmark FabricAir","article_publisher":"https:\/\/www.facebook.com\/FabricAir","article_modified_time":"2026-01-06T11:42:25+00:00","og_image":[{"width":1920,"height":1280,"url":"https:\/\/www.fabricair.com\/dk\/wp-content\/uploads\/sites\/19\/2025\/09\/340_-_Faustina_de_Valladolid_SwimmingPool2C_SpainDSC04082.jpg","type":"image\/jpeg"}],"twitter_card":"summary_large_image","twitter_site":"@FabricAir","twitter_misc":{"Est. reading time":"1 minute"},"schema":{"@context":"https:\/\/schema.org","@graph":[{"@type":"WebPage","@id":"https:\/\/www.fabricair.com\/dk\/ventilationskanaler\/","url":"https:\/\/www.fabricair.com\/dk\/ventilationskanaler\/","name":"Ventilationskanaler \u2013 fleksible og energieffektive l\u00f8sninger i tekstil - Denmark FabricAir","isPartOf":{"@id":"https:\/\/www.fabricair.com\/dk\/#website"},"primaryImageOfPage":{"@id":"https:\/\/www.fabricair.com\/dk\/ventilationskanaler\/#primaryimage"},"image":{"@id":"https:\/\/www.fabricair.com\/dk\/ventilationskanaler\/#primaryimage"},"thumbnailUrl":"https:\/\/www.fabricair.com\/dk\/wp-content\/uploads\/sites\/19\/2025\/09\/340_-_Faustina_de_Valladolid_SwimmingPool2C_SpainDSC04082.jpg","datePublished":"2024-10-29T08:51:00+00:00","dateModified":"2026-01-06T11:42:25+00:00","description":"F\u00e5 eksperttips til tekstilkanaler og ventilationsl\u00f8sninger \u2014 l\u00e6s vores seneste indl\u00e6g og bliv klogere p\u00e5 effektiv luftfordeling.","breadcrumb":{"@id":"https:\/\/www.fabricair.com\/dk\/ventilationskanaler\/#breadcrumb"},"inLanguage":"da","potentialAction":[{"@type":"ReadAction","target":["https:\/\/www.fabricair.com\/dk\/ventilationskanaler\/"]}]},{"@type":"ImageObject","inLanguage":"da","@id":"https:\/\/www.fabricair.com\/dk\/ventilationskanaler\/#primaryimage","url":"https:\/\/www.fabricair.com\/dk\/wp-content\/uploads\/sites\/19\/2025\/09\/340_-_Faustina_de_Valladolid_SwimmingPool2C_SpainDSC04082.jpg","contentUrl":"https:\/\/www.fabricair.com\/dk\/wp-content\/uploads\/sites\/19\/2025\/09\/340_-_Faustina_de_Valladolid_SwimmingPool2C_SpainDSC04082.jpg","width":1920,"height":1280,"caption":"R\u00f8de kanaler i svv\u00f8mmehal"},{"@type":"BreadcrumbList","@id":"https:\/\/www.fabricair.com\/dk\/ventilationskanaler\/#breadcrumb","itemListElement":[{"@type":"ListItem","position":1,"name":"Home","item":"https:\/\/www.fabricair.com\/dk\/"},{"@type":"ListItem","position":2,"name":"Ventilationskanaler \u2013 fleksible og energieffektive l\u00f8sninger i tekstil"}]}]}},"_links":{"self":[{"href":"https:\/\/www.fabricair.com\/dk\/wp-json\/wp\/v2\/pages\/8326","targetHints":{"allow":["GET"]}}],"collection":[{"href":"https:\/\/www.fabricair.com\/dk\/wp-json\/wp\/v2\/pages"}],"about":[{"href":"https:\/\/www.fabricair.com\/dk\/wp-json\/wp\/v2\/types\/page"}],"author":[{"embeddable":true,"href":"https:\/\/www.fabricair.com\/dk\/wp-json\/wp\/v2\/users\/3"}],"replies":[{"embeddable":true,"href":"https:\/\/www.fabricair.com\/dk\/wp-json\/wp\/v2\/comments?post=8326"}],"version-history":[{"count":8,"href":"https:\/\/www.fabricair.com\/dk\/wp-json\/wp\/v2\/pages\/8326\/revisions"}],"predecessor-version":[{"id":8473,"href":"https:\/\/www.fabricair.com\/dk\/wp-json\/wp\/v2\/pages\/8326\/revisions\/8473"}],"wp:featuredmedia":[{"embeddable":true,"href":"https:\/\/www.fabricair.com\/dk\/wp-json\/wp\/v2\/media\/8239"}],"wp:attachment":[{"href":"https:\/\/www.fabricair.com\/dk\/wp-json\/wp\/v2\/media?parent=8326"}],"curies":[{"name":"wp","href":"https:\/\/api.w.org\/{rel}","templated":true}]}}

Ventilationskanaler – fleksible og energieffektive løsninger i tekstil

<!-- This site is optimized with the Yoast SEO plugin v27.4 - https://yoast.com/product/yoast-seo-wordpress/ -->
<title>Ventilationskanaler – fleksible og energieffektive løsninger i tekstil | Denmark FabricAir</title>
<meta name="description" content="Få eksperttips til tekstilkanaler og ventilationsløsninger — læs vores seneste indlæg og bliv klogere på effektiv luftfordeling." />
<meta name="robots" content="index, follow, max-snippet:-1, max-image-preview:large, max-video-preview:-1" />
<link rel="canonical" href="https://www.fabricair.com/dk/wp-json/wp/v2/pages/8326/" />
<meta property="og:locale" content="en_US" />
<meta property="og:type" content="article" />
<meta property="og:title" content="Ventilationskanaler – fleksible og energieffektive løsninger i tekstil - Denmark FabricAir" />
<meta property="og:description" content="Få eksperttips til tekstilkanaler og ventilationsløsninger — læs vores seneste indlæg og bliv klogere på effektiv luftfordeling." />
<meta property="og:url" content="https://www.fabricair.com/dk/ventilationskanaler/" />
<meta property="og:site_name" content="Denmark FabricAir" />
<meta property="article:publisher" content="https://www.facebook.com/FabricAir" />
<meta property="article:modified_time" content="2026-01-06T11:42:25+00:00" />
<meta property="og:image" content="https://www.fabricair.com/dk/wp-content/uploads/sites/19/2025/09/340_-_Faustina_de_Valladolid_SwimmingPool2C_SpainDSC04082.jpg" />
	<meta property="og:image:width" content="1920" />
	<meta property="og:image:height" content="1280" />
	<meta property="og:image:type" content="image/jpeg" />
<meta name="twitter:card" content="summary_large_image" />
<meta name="twitter:site" content="@FabricAir" />
<meta name="twitter:label1" content="Est. reading time" />
	<meta name="twitter:data1" content="1 minute" />
<script type="application/ld+json" class="yoast-schema-graph">{"@context":"https:\/\/schema.org","@graph":[{"@type":"WebPage","@id":"https:\/\/www.fabricair.com\/dk\/ventilationskanaler\/","url":"https:\/\/www.fabricair.com\/dk\/ventilationskanaler\/","name":"Ventilationskanaler – fleksible og energieffektive løsninger i tekstil - Denmark FabricAir","isPartOf":{"@id":"https:\/\/www.fabricair.com\/dk\/#website"},"primaryImageOfPage":{"@id":"https:\/\/www.fabricair.com\/dk\/ventilationskanaler\/#primaryimage"},"image":{"@id":"https:\/\/www.fabricair.com\/dk\/ventilationskanaler\/#primaryimage"},"thumbnailUrl":"https:\/\/www.fabricair.com\/dk\/wp-content\/uploads\/sites\/19\/2025\/09\/340_-_Faustina_de_Valladolid_SwimmingPool2C_SpainDSC04082.jpg","datePublished":"2024-10-29T08:51:00+00:00","dateModified":"2026-01-06T11:42:25+00:00","description":"Få eksperttips til tekstilkanaler og ventilationsløsninger — læs vores seneste indlæg og bliv klogere på effektiv luftfordeling.","breadcrumb":{"@id":"https:\/\/www.fabricair.com\/dk\/ventilationskanaler\/#breadcrumb"},"inLanguage":"da","potentialAction":[{"@type":"ReadAction","target":["https:\/\/www.fabricair.com\/dk\/ventilationskanaler\/"]}]},{"@type":"ImageObject","inLanguage":"da","@id":"https:\/\/www.fabricair.com\/dk\/ventilationskanaler\/#primaryimage","url":"https:\/\/www.fabricair.com\/dk\/wp-content\/uploads\/sites\/19\/2025\/09\/340_-_Faustina_de_Valladolid_SwimmingPool2C_SpainDSC04082.jpg","contentUrl":"https:\/\/www.fabricair.com\/dk\/wp-content\/uploads\/sites\/19\/2025\/09\/340_-_Faustina_de_Valladolid_SwimmingPool2C_SpainDSC04082.jpg","width":1920,"height":1280,"caption":"Røde kanaler i svvømmehal"},{"@type":"BreadcrumbList","@id":"https:\/\/www.fabricair.com\/dk\/ventilationskanaler\/#breadcrumb","itemListElement":[{"@type":"ListItem","position":1,"name":"Home","item":"https:\/\/www.fabricair.com\/dk\/"},{"@type":"ListItem","position":2,"name":"Ventilationskanaler – fleksible og energieffektive løsninger i tekstil"}]}]}</script>
<!-- / Yoast SEO plugin. -->

Ventilationskanaler – fleksible og energieffektive løsninger i tekstil | Denmark FabricAir

Få eksperttips til tekstilkanaler og ventilationsløsninger — læs vores seneste indlæg og bliv klogere på effektiv luftfordeling.

Ventilationskanaler – fleksible og energieffektive løsninger i tekstil - Denmark FabricAir

Røde kanaler i svvømmehal
