{"id":7672,"date":"2023-11-10T20:48:50","date_gmt":"2023-11-10T20:48:50","guid":{"rendered":"https:\/\/www.fabricair.com\/mx\/?page_id=7672"},"modified":"2026-01-21T01:40:56","modified_gmt":"2026-01-21T07:40:56","slug":"isk-sodex-2023-turkey","status":"publish","type":"page","link":"https:\/\/www.fabricair.com\/mx\/galeria\/eventos\/isk-sodex-2023-turkey\/","title":{"rendered":"ISK-SODEX 2023, Turqu\u00eda"},"content":{"rendered":"<p data-start=\"0\" data-end=\"50\">ISK-SODEX 2023, Turqu\u00eda<\/p>\n","protected":false},"excerpt":{"rendered":"<p>ISK-SODEX 2023, Turqu\u00eda<\/p>\n","protected":false},"author":28,"featured_media":7673,"parent":2916,"menu_order":43,"comment_status":"closed","ping_status":"closed","template":"page-gallery.php","meta":{"_acf_changed":false,"inline_featured_image":false,"footnotes":""},"class_list":["post-7672","page","type-page","status-publish","has-post-thumbnail","hentry"],"acf":[],"yoast_head":"<!-- This site is optimized with the Yoast SEO plugin v27.5 - https:\/\/yoast.com\/product\/yoast-seo-wordpress\/ -->\n<title>ISK-SODEX 2023, Turqu\u00eda | Mexico FabricAir<\/title>\n<meta name=\"description\" content=\"Mira las fotos de la exposici\u00f3n ISK-SODEX 2023, organizada en Turqu\u00eda, donde FabricAir present\u00f3 sus soluciones de aire.\" \/>\n<meta name=\"robots\" content=\"noindex, follow\" \/>\n<meta property=\"og:locale\" content=\"en_US\" \/>\n<meta property=\"og:type\" content=\"article\" \/>\n<meta property=\"og:title\" content=\"ISK-SODEX 2023, Turqu\u00eda - Mexico FabricAir\" \/>\n<meta property=\"og:description\" content=\"Mira las fotos de la exposici\u00f3n ISK-SODEX 2023, organizada en Turqu\u00eda, donde FabricAir present\u00f3 sus soluciones de aire.\" \/>\n<meta property=\"og:url\" content=\"https:\/\/www.fabricair.com\/mx\/galeria\/eventos\/isk-sodex-2023-turkey\/\" \/>\n<meta property=\"og:site_name\" content=\"Mexico FabricAir\" \/>\n<meta property=\"article:publisher\" content=\"https:\/\/www.facebook.com\/FabricAir\" \/>\n<meta property=\"article:modified_time\" content=\"2026-01-21T07:40:56+00:00\" \/>\n<meta property=\"og:image\" content=\"https:\/\/www.fabricair.com\/mx\/wp-content\/uploads\/sites\/31\/2023\/11\/20231025_2023-ISK-SODEX-Team-scaled.webp\" \/>\n\t<meta property=\"og:image:width\" content=\"2560\" \/>\n\t<meta property=\"og:image:height\" content=\"1920\" \/>\n\t<meta property=\"og:image:type\" content=\"image\/webp\" \/>\n<meta name=\"twitter:card\" content=\"summary_large_image\" \/>\n<meta name=\"twitter:site\" content=\"@FabricAir\" \/>\n<meta name=\"twitter:label1\" content=\"Est. reading time\" \/>\n\t<meta name=\"twitter:data1\" content=\"1 minute\" \/>\n<script type=\"application\/ld+json\" class=\"yoast-schema-graph\">{\"@context\":\"https:\\\/\\\/schema.org\",\"@graph\":[{\"@type\":\"WebPage\",\"@id\":\"https:\\\/\\\/www.fabricair.com\\\/mx\\\/galeria\\\/eventos\\\/isk-sodex-2023-turkey\\\/\",\"url\":\"https:\\\/\\\/www.fabricair.com\\\/mx\\\/galeria\\\/eventos\\\/isk-sodex-2023-turkey\\\/\",\"name\":\"ISK-SODEX 2023, Turqu\u00eda - Mexico FabricAir\",\"isPartOf\":{\"@id\":\"https:\\\/\\\/www.fabricair.com\\\/mx\\\/#website\"},\"primaryImageOfPage\":{\"@id\":\"https:\\\/\\\/www.fabricair.com\\\/mx\\\/galeria\\\/eventos\\\/isk-sodex-2023-turkey\\\/#primaryimage\"},\"image\":{\"@id\":\"https:\\\/\\\/www.fabricair.com\\\/mx\\\/galeria\\\/eventos\\\/isk-sodex-2023-turkey\\\/#primaryimage\"},\"thumbnailUrl\":\"https:\\\/\\\/www.fabricair.com\\\/mx\\\/wp-content\\\/uploads\\\/sites\\\/31\\\/2023\\\/11\\\/20231025_2023-ISK-SODEX-Team-scaled.webp\",\"datePublished\":\"2023-11-10T20:48:50+00:00\",\"dateModified\":\"2026-01-21T07:40:56+00:00\",\"description\":\"Mira las fotos de la exposici\u00f3n ISK-SODEX 2023, organizada en Turqu\u00eda, donde FabricAir present\u00f3 sus soluciones de aire.\",\"breadcrumb\":{\"@id\":\"https:\\\/\\\/www.fabricair.com\\\/mx\\\/galeria\\\/eventos\\\/isk-sodex-2023-turkey\\\/#breadcrumb\"},\"inLanguage\":\"es-MX\",\"potentialAction\":[{\"@type\":\"ReadAction\",\"target\":[\"https:\\\/\\\/www.fabricair.com\\\/mx\\\/galeria\\\/eventos\\\/isk-sodex-2023-turkey\\\/\"]}]},{\"@type\":\"ImageObject\",\"inLanguage\":\"es-MX\",\"@id\":\"https:\\\/\\\/www.fabricair.com\\\/mx\\\/galeria\\\/eventos\\\/isk-sodex-2023-turkey\\\/#primaryimage\",\"url\":\"https:\\\/\\\/www.fabricair.com\\\/mx\\\/wp-content\\\/uploads\\\/sites\\\/31\\\/2023\\\/11\\\/20231025_2023-ISK-SODEX-Team-scaled.webp\",\"contentUrl\":\"https:\\\/\\\/www.fabricair.com\\\/mx\\\/wp-content\\\/uploads\\\/sites\\\/31\\\/2023\\\/11\\\/20231025_2023-ISK-SODEX-Team-scaled.webp\",\"width\":2560,\"height\":1920},{\"@type\":\"BreadcrumbList\",\"@id\":\"https:\\\/\\\/www.fabricair.com\\\/mx\\\/galeria\\\/eventos\\\/isk-sodex-2023-turkey\\\/#breadcrumb\",\"itemListElement\":[{\"@type\":\"ListItem\",\"position\":1,\"name\":\"Home\",\"item\":\"https:\\\/\\\/www.fabricair.com\\\/mx\\\/\"},{\"@type\":\"ListItem\",\"position\":2,\"name\":\"Galer\u00eda\",\"item\":\"https:\\\/\\\/www.fabricair.com\\\/mx\\\/galeria\\\/\"},{\"@type\":\"ListItem\",\"position\":3,\"name\":\"Eventos\",\"item\":\"https:\\\/\\\/www.fabricair.com\\\/mx\\\/galeria\\\/eventos\\\/\"},{\"@type\":\"ListItem\",\"position\":4,\"name\":\"ISK-SODEX 2023, Turqu\u00eda\"}]}]}<\/script>\n<!-- \/ Yoast SEO plugin. -->","yoast_head_json":{"title":"ISK-SODEX 2023, Turqu\u00eda | Mexico FabricAir","description":"Mira las fotos de la exposici\u00f3n ISK-SODEX 2023, organizada en Turqu\u00eda, donde FabricAir present\u00f3 sus soluciones de aire.","robots":{"index":"noindex","follow":"follow"},"og_locale":"en_US","og_type":"article","og_title":"ISK-SODEX 2023, Turqu\u00eda - Mexico FabricAir","og_description":"Mira las fotos de la exposici\u00f3n ISK-SODEX 2023, organizada en Turqu\u00eda, donde FabricAir present\u00f3 sus soluciones de aire.","og_url":"https:\/\/www.fabricair.com\/mx\/galeria\/eventos\/isk-sodex-2023-turkey\/","og_site_name":"Mexico FabricAir","article_publisher":"https:\/\/www.facebook.com\/FabricAir","article_modified_time":"2026-01-21T07:40:56+00:00","og_image":[{"width":2560,"height":1920,"url":"https:\/\/www.fabricair.com\/mx\/wp-content\/uploads\/sites\/31\/2023\/11\/20231025_2023-ISK-SODEX-Team-scaled.webp","type":"image\/webp"}],"twitter_card":"summary_large_image","twitter_site":"@FabricAir","twitter_misc":{"Est. reading time":"1 minute"},"schema":{"@context":"https:\/\/schema.org","@graph":[{"@type":"WebPage","@id":"https:\/\/www.fabricair.com\/mx\/galeria\/eventos\/isk-sodex-2023-turkey\/","url":"https:\/\/www.fabricair.com\/mx\/galeria\/eventos\/isk-sodex-2023-turkey\/","name":"ISK-SODEX 2023, Turqu\u00eda - Mexico FabricAir","isPartOf":{"@id":"https:\/\/www.fabricair.com\/mx\/#website"},"primaryImageOfPage":{"@id":"https:\/\/www.fabricair.com\/mx\/galeria\/eventos\/isk-sodex-2023-turkey\/#primaryimage"},"image":{"@id":"https:\/\/www.fabricair.com\/mx\/galeria\/eventos\/isk-sodex-2023-turkey\/#primaryimage"},"thumbnailUrl":"https:\/\/www.fabricair.com\/mx\/wp-content\/uploads\/sites\/31\/2023\/11\/20231025_2023-ISK-SODEX-Team-scaled.webp","datePublished":"2023-11-10T20:48:50+00:00","dateModified":"2026-01-21T07:40:56+00:00","description":"Mira las fotos de la exposici\u00f3n ISK-SODEX 2023, organizada en Turqu\u00eda, donde FabricAir present\u00f3 sus soluciones de aire.","breadcrumb":{"@id":"https:\/\/www.fabricair.com\/mx\/galeria\/eventos\/isk-sodex-2023-turkey\/#breadcrumb"},"inLanguage":"es-MX","potentialAction":[{"@type":"ReadAction","target":["https:\/\/www.fabricair.com\/mx\/galeria\/eventos\/isk-sodex-2023-turkey\/"]}]},{"@type":"ImageObject","inLanguage":"es-MX","@id":"https:\/\/www.fabricair.com\/mx\/galeria\/eventos\/isk-sodex-2023-turkey\/#primaryimage","url":"https:\/\/www.fabricair.com\/mx\/wp-content\/uploads\/sites\/31\/2023\/11\/20231025_2023-ISK-SODEX-Team-scaled.webp","contentUrl":"https:\/\/www.fabricair.com\/mx\/wp-content\/uploads\/sites\/31\/2023\/11\/20231025_2023-ISK-SODEX-Team-scaled.webp","width":2560,"height":1920},{"@type":"BreadcrumbList","@id":"https:\/\/www.fabricair.com\/mx\/galeria\/eventos\/isk-sodex-2023-turkey\/#breadcrumb","itemListElement":[{"@type":"ListItem","position":1,"name":"Home","item":"https:\/\/www.fabricair.com\/mx\/"},{"@type":"ListItem","position":2,"name":"Galer\u00eda","item":"https:\/\/www.fabricair.com\/mx\/galeria\/"},{"@type":"ListItem","position":3,"name":"Eventos","item":"https:\/\/www.fabricair.com\/mx\/galeria\/eventos\/"},{"@type":"ListItem","position":4,"name":"ISK-SODEX 2023, Turqu\u00eda"}]}]}},"_links":{"self":[{"href":"https:\/\/www.fabricair.com\/mx\/wp-json\/wp\/v2\/pages\/7672","targetHints":{"allow":["GET"]}}],"collection":[{"href":"https:\/\/www.fabricair.com\/mx\/wp-json\/wp\/v2\/pages"}],"about":[{"href":"https:\/\/www.fabricair.com\/mx\/wp-json\/wp\/v2\/types\/page"}],"author":[{"embeddable":true,"href":"https:\/\/www.fabricair.com\/mx\/wp-json\/wp\/v2\/users\/28"}],"replies":[{"embeddable":true,"href":"https:\/\/www.fabricair.com\/mx\/wp-json\/wp\/v2\/comments?post=7672"}],"version-history":[{"count":3,"href":"https:\/\/www.fabricair.com\/mx\/wp-json\/wp\/v2\/pages\/7672\/revisions"}],"predecessor-version":[{"id":8509,"href":"https:\/\/www.fabricair.com\/mx\/wp-json\/wp\/v2\/pages\/7672\/revisions\/8509"}],"up":[{"embeddable":true,"href":"https:\/\/www.fabricair.com\/mx\/wp-json\/wp\/v2\/pages\/2916"}],"wp:featuredmedia":[{"embeddable":true,"href":"https:\/\/www.fabricair.com\/mx\/wp-json\/wp\/v2\/media\/7673"}],"wp:attachment":[{"href":"https:\/\/www.fabricair.com\/mx\/wp-json\/wp\/v2\/media?parent=7672"}],"curies":[{"name":"wp","href":"https:\/\/api.w.org\/{rel}","templated":true}]}}

ISK-SODEX 2023, Turquía

<p data-start="0" data-end="50">ISK-SODEX 2023, Turquía</p>

<p>ISK-SODEX 2023, Turquía</p>

<!-- This site is optimized with the Yoast SEO plugin v27.5 - https://yoast.com/product/yoast-seo-wordpress/ -->
<title>ISK-SODEX 2023, Turquía | Mexico FabricAir</title>
<meta name="description" content="Mira las fotos de la exposición ISK-SODEX 2023, organizada en Turquía, donde FabricAir presentó sus soluciones de aire." />
<meta name="robots" content="noindex, follow" />
<meta property="og:locale" content="en_US" />
<meta property="og:type" content="article" />
<meta property="og:title" content="ISK-SODEX 2023, Turquía - Mexico FabricAir" />
<meta property="og:description" content="Mira las fotos de la exposición ISK-SODEX 2023, organizada en Turquía, donde FabricAir presentó sus soluciones de aire." />
<meta property="og:url" content="https://www.fabricair.com/mx/galeria/eventos/isk-sodex-2023-turkey/" />
<meta property="og:site_name" content="Mexico FabricAir" />
<meta property="article:publisher" content="https://www.facebook.com/FabricAir" />
<meta property="article:modified_time" content="2026-01-21T07:40:56+00:00" />
<meta property="og:image" content="https://www.fabricair.com/mx/wp-content/uploads/sites/31/2023/11/20231025_2023-ISK-SODEX-Team-scaled.webp" />
	<meta property="og:image:width" content="2560" />
	<meta property="og:image:height" content="1920" />
	<meta property="og:image:type" content="image/webp" />
<meta name="twitter:card" content="summary_large_image" />
<meta name="twitter:site" content="@FabricAir" />
<meta name="twitter:label1" content="Est. reading time" />
	<meta name="twitter:data1" content="1 minute" />
<script type="application/ld+json" class="yoast-schema-graph">{"@context":"https:\/\/schema.org","@graph":[{"@type":"WebPage","@id":"https:\/\/www.fabricair.com\/mx\/galeria\/eventos\/isk-sodex-2023-turkey\/","url":"https:\/\/www.fabricair.com\/mx\/galeria\/eventos\/isk-sodex-2023-turkey\/","name":"ISK-SODEX 2023, Turquía - Mexico FabricAir","isPartOf":{"@id":"https:\/\/www.fabricair.com\/mx\/#website"},"primaryImageOfPage":{"@id":"https:\/\/www.fabricair.com\/mx\/galeria\/eventos\/isk-sodex-2023-turkey\/#primaryimage"},"image":{"@id":"https:\/\/www.fabricair.com\/mx\/galeria\/eventos\/isk-sodex-2023-turkey\/#primaryimage"},"thumbnailUrl":"https:\/\/www.fabricair.com\/mx\/wp-content\/uploads\/sites\/31\/2023\/11\/20231025_2023-ISK-SODEX-Team-scaled.webp","datePublished":"2023-11-10T20:48:50+00:00","dateModified":"2026-01-21T07:40:56+00:00","description":"Mira las fotos de la exposición ISK-SODEX 2023, organizada en Turquía, donde FabricAir presentó sus soluciones de aire.","breadcrumb":{"@id":"https:\/\/www.fabricair.com\/mx\/galeria\/eventos\/isk-sodex-2023-turkey\/#breadcrumb"},"inLanguage":"es-MX","potentialAction":[{"@type":"ReadAction","target":["https:\/\/www.fabricair.com\/mx\/galeria\/eventos\/isk-sodex-2023-turkey\/"]}]},{"@type":"ImageObject","inLanguage":"es-MX","@id":"https:\/\/www.fabricair.com\/mx\/galeria\/eventos\/isk-sodex-2023-turkey\/#primaryimage","url":"https:\/\/www.fabricair.com\/mx\/wp-content\/uploads\/sites\/31\/2023\/11\/20231025_2023-ISK-SODEX-Team-scaled.webp","contentUrl":"https:\/\/www.fabricair.com\/mx\/wp-content\/uploads\/sites\/31\/2023\/11\/20231025_2023-ISK-SODEX-Team-scaled.webp","width":2560,"height":1920},{"@type":"BreadcrumbList","@id":"https:\/\/www.fabricair.com\/mx\/galeria\/eventos\/isk-sodex-2023-turkey\/#breadcrumb","itemListElement":[{"@type":"ListItem","position":1,"name":"Home","item":"https:\/\/www.fabricair.com\/mx\/"},{"@type":"ListItem","position":2,"name":"Galería","item":"https:\/\/www.fabricair.com\/mx\/galeria\/"},{"@type":"ListItem","position":3,"name":"Eventos","item":"https:\/\/www.fabricair.com\/mx\/galeria\/eventos\/"},{"@type":"ListItem","position":4,"name":"ISK-SODEX 2023, Turquía"}]}]}</script>
<!-- / Yoast SEO plugin. -->

ISK-SODEX 2023, Turquía | Mexico FabricAir

Mira las fotos de la exposición ISK-SODEX 2023, organizada en Turquía, donde FabricAir presentó sus soluciones de aire.

ISK-SODEX 2023, Turquía - Mexico FabricAir

Galería
